{"id":3090,"date":"2026-09-03T13:42:09","date_gmt":"2026-09-03T11:42:09","guid":{"rendered":"https:\/\/residenciaescolarsanjose.com\/?page_id=3090"},"modified":"2026-09-03T13:44:56","modified_gmt":"2026-09-03T11:44:56","slug":"calendario_escolar","status":"publish","type":"page","link":"https:\/\/residenciaescolarsanjose.com\/index.php\/calendario_escolar\/","title":{"rendered":"Calendario escolar"},"content":{"rendered":"<div class=\"fusion-fullwidth fullwidth-box fusion-builder-row-1 fusion-flex-container has-pattern-background has-mask-background nonhundred-percent-fullwidth non-hundred-percent-height-scrolling\" style=\"--awb-border-radius-top-left:0px;--awb-border-radius-top-right:0px;--awb-border-radius-bottom-right:0px;--awb-border-radius-bottom-left:0px;--awb-padding-top:50px;--awb-padding-right:30px;--awb-padding-bottom:60px;--awb-padding-left:30px;--awb-flex-wrap:wrap;\" ><div class=\"fusion-builder-row fusion-row fusion-flex-align-items-center fusion-flex-content-wrap\" style=\"max-width:1365px;margin-left: calc(-5% \/ 2 );margin-right: calc(-5% \/ 2 );\"><div class=\"fusion-layout-column fusion_builder_column fusion-builder-column-0 fusion_builder_column_1_1 1_1 fusion-flex-column\" style=\"--awb-bg-size:cover;--awb-width-large:100%;--awb-margin-top-large:0px;--awb-spacing-right-large:2.375%;--awb-margin-bottom-large:20px;--awb-spacing-left-large:2.375%;--awb-width-medium:100%;--awb-order-medium:0;--awb-spacing-right-medium:2.375%;--awb-spacing-left-medium:2.375%;--awb-width-small:100%;--awb-order-small:0;--awb-spacing-right-small:2.375%;--awb-spacing-left-small:2.375%;\"><div class=\"fusion-column-wrapper fusion-column-has-shadow fusion-flex-justify-content-flex-start fusion-content-layout-column\"><div class=\"fusion-title title fusion-title-1 fusion-sep-none fusion-title-text fusion-title-size-two\" style=\"--awb-margin-top:0px;--awb-margin-bottom:0px;\"><h2 class=\"fusion-title-heading title-heading-left\" style=\"margin:0;\">Calendario escolar 2026\/2027<\/p>\n<p>&nbsp;<\/p><\/h2><\/div><div class=\"fusion-text fusion-text-1\"><p>Consulta el calendario escolar correspondiente al curso 2026\/2027 para la provincia de Almer\u00eda. En \u00e9l se recogen las fechas de inicio y finalizaci\u00f3n del curso, los periodos vacacionales, d\u00edas festivos y d\u00edas no lectivos.<\/p>\n<\/div><div class=\"fusion-image-element\" style=\"--awb-caption-title-font-family:var(--h2_typography-font-family);--awb-caption-title-font-weight:var(--h2_typography-font-weight);--awb-caption-title-font-style:var(--h2_typography-font-style);--awb-caption-title-size:var(--h2_typography-font-size);--awb-caption-title-transform:var(--h2_typography-text-transform);--awb-caption-title-line-height:var(--h2_typography-line-height);--awb-caption-title-letter-spacing:var(--h2_typography-letter-spacing);\"><span class=\" fusion-imageframe imageframe-none imageframe-1 hover-type-none\"><a href=\"https:\/\/residenciaescolarsanjose.com\/wp-content\/uploads\/2026\/09\/6e528f0e6ce73a0ebb1b9401cba33141000063-pdf.jpg\" class=\"fusion-lightbox\" data-rel=\"iLightbox[d382f949bf8578aeb87]\" data-title=\"6e528f0e6ce73a0ebb1b9401cba33141000063\" title=\"6e528f0e6ce73a0ebb1b9401cba33141000063\"><img decoding=\"async\" width=\"1058\" height=\"1497\" alt=\"Calendario escolar Almer\u00eda curso 2026-2027\" src=\"data:image\/svg+xml,%3Csvg%20xmlns%3D%27http%3A%2F%2Fwww.w3.org%2F2000%2Fsvg%27%20width%3D%271058%27%20height%3D%271497%27%20viewBox%3D%270%200%201058%201497%27%3E%3Crect%20width%3D%271058%27%20height%3D%271497%27%20fill-opacity%3D%220%22%2F%3E%3C%2Fsvg%3E\" data-orig-src=\"https:\/\/residenciaescolarsanjose.com\/wp-content\/uploads\/2026\/09\/6e528f0e6ce73a0ebb1b9401cba33141000063-pdf.jpg\" class=\"lazyload img-responsive wp-image-3092\"\/><\/a><\/span><\/div><div style=\"text-align:center;\"><a class=\"fusion-button button-3d fusion-button-default-size button-default fusion-button-default button-1 fusion-button-default-span \" target=\"_blank\" rel=\"noopener noreferrer\" href=\"https:\/\/secretariavirtual.juntadeandalucia.es\/secretariavirtual\/consulta\/calendario-escolar\/mostrar\/\"><i class=\"fa-info-circle fas awb-button__icon awb-button__icon--default button-icon-left\" aria-hidden=\"true\"><\/i><span class=\"fusion-button-text awb-button__text awb-button__text--default\">Consultar calendario oficial<\/span><\/a><\/div><\/div><\/div><\/div><\/div>\n","protected":false},"excerpt":{"rendered":"","protected":false},"author":1,"featured_media":3024,"parent":0,"menu_order":0,"comment_status":"closed","ping_status":"closed","template":"100-width.php","meta":{"content-type":"","footnotes":""},"class_list":["post-3090","page","type-page","status-publish","has-post-thumbnail","hentry"],"_links":{"self":[{"href":"https:\/\/residenciaescolarsanjose.com\/index.php\/wp-json\/wp\/v2\/pages\/3090","targetHints":{"allow":["GET"]}}],"collection":[{"href":"https:\/\/residenciaescolarsanjose.com\/index.php\/wp-json\/wp\/v2\/pages"}],"about":[{"href":"https:\/\/residenciaescolarsanjose.com\/index.php\/wp-json\/wp\/v2\/types\/page"}],"author":[{"embeddable":true,"href":"https:\/\/residenciaescolarsanjose.com\/index.php\/wp-json\/wp\/v2\/users\/1"}],"replies":[{"embeddable":true,"href":"https:\/\/residenciaescolarsanjose.com\/index.php\/wp-json\/wp\/v2\/comments?post=3090"}],"version-history":[{"count":4,"href":"https:\/\/residenciaescolarsanjose.com\/index.php\/wp-json\/wp\/v2\/pages\/3090\/revisions"}],"predecessor-version":[{"id":3095,"href":"https:\/\/residenciaescolarsanjose.com\/index.php\/wp-json\/wp\/v2\/pages\/3090\/revisions\/3095"}],"wp:featuredmedia":[{"embeddable":true,"href":"https:\/\/residenciaescolarsanjose.com\/index.php\/wp-json\/wp\/v2\/media\/3024"}],"wp:attachment":[{"href":"https:\/\/residenciaescolarsanjose.com\/index.php\/wp-json\/wp\/v2\/media?parent=3090"}],"curies":[{"name":"wp","href":"https:\/\/api.w.org\/{rel}","templated":true}]}}

<div class="fusion-fullwidth fullwidth-box fusion-builder-row-1 fusion-flex-container has-pattern-background has-mask-background nonhundred-percent-fullwidth non-hundred-percent-height-scrolling" style="--awb-border-radius-top-left:0px;--awb-border-radius-top-right:0px;--awb-border-radius-bottom-right:0px;--awb-border-radius-bottom-left:0px;--awb-padding-top:50px;--awb-padding-right:30px;--awb-padding-bottom:60px;--awb-padding-left:30px;--awb-flex-wrap:wrap;" ><div class="fusion-builder-row fusion-row fusion-flex-align-items-center fusion-flex-content-wrap" style="max-width:1365px;margin-left: calc(-5% / 2 );margin-right: calc(-5% / 2 );"><div class="fusion-layout-column fusion_builder_column fusion-builder-column-0 fusion_builder_column_1_1 1_1 fusion-flex-column" style="--awb-bg-size:cover;--awb-width-large:100%;--awb-margin-top-large:0px;--awb-spacing-right-large:2.375%;--awb-margin-bottom-large:20px;--awb-spacing-left-large:2.375%;--awb-width-medium:100%;--awb-order-medium:0;--awb-spacing-right-medium:2.375%;--awb-spacing-left-medium:2.375%;--awb-width-small:100%;--awb-order-small:0;--awb-spacing-right-small:2.375%;--awb-spacing-left-small:2.375%;"><div class="fusion-column-wrapper fusion-column-has-shadow fusion-flex-justify-content-flex-start fusion-content-layout-column"><div class="fusion-title title fusion-title-1 fusion-sep-none fusion-title-text fusion-title-size-two" style="--awb-margin-top:0px;--awb-margin-bottom:0px;"><h2 class="fusion-title-heading title-heading-left" style="margin:0;">Calendario escolar 2026/2027</p>
<p>&nbsp;</p></h2></div><div class="fusion-text fusion-text-1"><p>Consulta el calendario escolar correspondiente al curso 2026/2027 para la provincia de Almería. En él se recogen las fechas de inicio y finalización del curso, los periodos vacacionales, días festivos y días no lectivos.</p>
</div><div class="fusion-image-element" style="--awb-caption-title-font-family:var(--h2_typography-font-family);--awb-caption-title-font-weight:var(--h2_typography-font-weight);--awb-caption-title-font-style:var(--h2_typography-font-style);--awb-caption-title-size:var(--h2_typography-font-size);--awb-caption-title-transform:var(--h2_typography-text-transform);--awb-caption-title-line-height:var(--h2_typography-line-height);--awb-caption-title-letter-spacing:var(--h2_typography-letter-spacing);"><span class=" fusion-imageframe imageframe-none imageframe-1 hover-type-none"><a href="https://residenciaescolarsanjose.com/wp-content/uploads/2026/09/6e528f0e6ce73a0ebb1b9401cba33141000063-pdf.jpg" class="fusion-lightbox" data-rel="iLightbox[d382f949bf8578aeb87]" data-title="6e528f0e6ce73a0ebb1b9401cba33141000063" title="6e528f0e6ce73a0ebb1b9401cba33141000063"><img decoding="async" width="1058" height="1497" alt="Calendario escolar Almería curso 2026-2027" src="data:image/svg+xml,%3Csvg%20xmlns%3D%27http%3A%2F%2Fwww.w3.org%2F2000%2Fsvg%27%20width%3D%271058%27%20height%3D%271497%27%20viewBox%3D%270%200%201058%201497%27%3E%3Crect%20width%3D%271058%27%20height%3D%271497%27%20fill-opacity%3D%220%22%2F%3E%3C%2Fsvg%3E" data-orig-src="https://residenciaescolarsanjose.com/wp-content/uploads/2026/09/6e528f0e6ce73a0ebb1b9401cba33141000063-pdf.jpg" class="lazyload img-responsive wp-image-3092"/></a></span></div><div style="text-align:center;"><a class="fusion-button button-3d fusion-button-default-size button-default fusion-button-default button-1 fusion-button-default-span " target="_blank" rel="noopener noreferrer" href="https://secretariavirtual.juntadeandalucia.es/secretariavirtual/consulta/calendario-escolar/mostrar/"><i class="fa-info-circle fas awb-button__icon awb-button__icon--default button-icon-left" aria-hidden="true"></i><span class="fusion-button-text awb-button__text awb-button__text--default">Consultar calendario oficial</span></a></div></div></div></div></div>
